{"id":26,"date":"2016-08-09T14:20:12","date_gmt":"2016-08-09T14:20:12","guid":{"rendered":"http:\/\/comision20dediciembrede1989.org.pa\/?page_id=26"},"modified":"2026-01-07T01:36:22","modified_gmt":"2026-01-07T01:36:22","slug":"articulos","status":"publish","type":"page","link":"https:\/\/comision20dediciembrede1989.org.pa\/index.php\/articulos\/","title":{"rendered":"Art\u00edculos Relacionados"},"content":{"rendered":"<p>[vc_row][vc_column][vc_empty_space height=\u00bb65px\u00bb][vc_column_text]<\/p>\n<h2><strong>Art\u00edculo de Destino Panam\u00e1<\/strong><\/h2>\n<p>[\/vc_column_text][vc_column_text]<a href=\"https:\/\/destinopanama.com.pa\/2025\/12\/operacion-causa-justa-las-dudas-y-el-luto-36-anos-despues\/\"><span style=\"font-weight: 400;\">Operaci\u00f3n Causa Justa: las dudas y el luto, 36 a\u00f1os despu\u00e9s (nota sobre discurso del Dr. Rolando Murgas Torrazza).\u00a0<\/span><\/a><\/p>\n<p>[\/vc_column_text][vc_empty_space height=\u00bb65px\u00bb][\/vc_column][\/vc_row][vc_row][vc_column][vc_empty_space height=\u00bb65px\u00bb][vc_column_text]<\/p>\n<h2><strong>\u00a0Balbina Herrera Ara\u00faz<\/strong><\/h2>\n<p>[\/vc_column_text][vc_column_text]<span style=\"font-weight: 400;\"><a href=\"https:\/\/elsiglo.com.pa\/opinion\/columnas\/la-invasion-memoria-y-responsabilidad-historica-PO18520593\">\u00a0La invasi\u00f3n: memoria y responsabilidad hist\u00f3rica<\/a>\u00a0<\/span><\/p>\n<p>[\/vc_column_text][vc_empty_space height=\u00bb65px\u00bb][\/vc_column][\/vc_row][vc_row][vc_column][vc_empty_space height=\u00bb65px\u00bb][vc_column_text]<\/p>\n<h2><strong>Prof. Anayansi Turner <\/strong><\/h2>\n<p>[\/vc_column_text][vc_column_text]<a href=\"https:\/\/elsiglo.com.pa\/opinion\/columnas\/apoyo-a-la-comision-20-de-diciembre-LK18566683\"><span style=\"font-weight: 400;\">Apoyo a la Comisi\u00f3n 20 de Diciembre<\/span><\/a><\/p>\n<p>[\/vc_column_text][vc_empty_space height=\u00bb65px\u00bb][\/vc_column][\/vc_row][vc_row][vc_column][vc_empty_space height=\u00bb65px\u00bb][vc_column_text]<\/p>\n<h2><strong>Dra. M\u00f3nica P\u00e9rez Campos\u00a0<\/strong><\/h2>\n<p>[\/vc_column_text][vc_column_text]<a href=\"https:\/\/www.laestrella.com.pa\/opinion\/columnistas\/221219\/20-diciembre-duelo-nacional\">El 20 de diciembre es duelo nacional<\/a>[\/vc_column_text][vc_empty_space height=\u00bb65px\u00bb][\/vc_column][\/vc_row][vc_row][vc_column][vc_empty_space height=\u00bb65px\u00bb][vc_column_text]<\/p>\n<h2><b>Enrique Andr\u00e9s Ruiz<\/b><\/h2>\n<p>[\/vc_column_text][\/vc_column][\/vc_row][vc_row][vc_column width=\u00bb1\/4&#8243;][vc_single_image image=\u00bb2416&#8243;][\/vc_column][vc_column width=\u00bb3\/4&#8243;][vc_column_text]<\/p>\n<p class=\"x_MsoNoSpacing\"><a href=\"https:\/\/elpais.com\/cultura\/2021-12-18\/julio-zachrisson-entre-ambos-mundos.html\" target=\"_blank\" rel=\"noopener\">En memoria de Julio Zachrisson<\/a><\/p>\n<p>[\/vc_column_text][\/vc_column][\/vc_row][vc_row][vc_column][vc_empty_space height=\u00bb65px\u00bb][vc_column_text]<\/p>\n<h2><b>Juan Planells Fern\u00e1ndez<\/b><\/h2>\n<p>[\/vc_column_text][vc_column_text]<a href=\"http:\/\/comision20dediciembrede1989.org.pa\/index.php\/2020\/08\/06\/los-gritos-de-la-historia\/\" target=\"_blank\" rel=\"noopener\">Los Gritos de la Historia<\/a>[\/vc_column_text][vc_column_text]<a href=\"http:\/\/comision20dediciembrede1989.org.pa\/index.php\/2020\/04\/16\/desenterrando-la-historia\/\" target=\"_blank\" rel=\"noopener\">Desenterrando la Historia<\/a>[\/vc_column_text][vc_empty_space height=\u00bb65px\u00bb][\/vc_column][\/vc_row][vc_row][vc_column][vc_empty_space height=\u00bb65px\u00bb][vc_column_text]<\/p>\n<h2><b>Jorge E. Illueca<\/b><\/h2>\n<p>[\/vc_column_text][vc_column_text]<a href=\"https:\/\/www.prensa.com\/opinion\/Comision-Diciembre-Enrique-Illueca_0_4557294357.html\" target=\"_blank\" rel=\"noopener\">B\u00daSQUEDA DE LA VERDAD La Comisi\u00f3n 20 de Diciembre de 1989: Enrique Illueca<\/a><\/p>\n<p>[\/vc_column_text][vc_column_text]<a href=\"http:\/\/comision20dediciembrede1989.org.pa\/wp-content\/uploads\/2016\/07\/eillueca_20dic1989.pdf\" target=\"_blank\" rel=\"noopener\">El 20 de Diciembre de 1989 Por: Jorge E. Illueca<\/a>[\/vc_column_text][vc_empty_space height=\u00bb65px\u00bb][\/vc_column][\/vc_row][vc_row][vc_column][vc_column_text]<\/p>\n<h2><b>Rafael Candanedo<\/b><\/h2>\n<p>[\/vc_column_text][vc_column_text]<\/p>\n<p class=\"x_MsoNoSpacing\"><a href=\"https:\/\/www.prensa.com\/impresa\/vivir\/panama-demandara-a-estados-unidos\/\" target=\"_blank\" rel=\"noopener\">\u00bfPanam\u00e1 demandar\u00e1 a Estados Unidos?\u00a0 &#8211; La Prensa, Opini\u00f3n\u00a0<\/a><\/p>\n<p>[\/vc_column_text][vc_empty_space height=\u00bb65px\u00bb][\/vc_column][\/vc_row][vc_row][vc_column][vc_column_text]<\/p>\n<h2><b>Rommel Escarreola\u00a0<\/b><\/h2>\n<p>[\/vc_column_text][\/vc_column][\/vc_row][vc_row][vc_column width=\u00bb1\/4&#8243;][vc_single_image image=\u00bb2298&#8243; onclick=\u00bbcustom_link\u00bb link=\u00bbhttp:\/\/elsiglo.com.pa\/panama\/invasiones-estados-unidos-panama\/24189900&#8243;][\/vc_column][vc_column width=\u00bb3\/4&#8243;][vc_column_text]<a href=\"http:\/\/elsiglo.com.pa\/panama\/invasiones-estados-unidos-panama\/24189900\" target=\"_blank\" rel=\"noopener\">Las invasiones de Estados Unidos a Panam\u00e1 \u2013 Parte I\u00a0<\/a>[\/vc_column_text][\/vc_column][\/vc_row][vc_row][vc_column width=\u00bb1\/4&#8243;][vc_single_image image=\u00bb2300&#8243; onclick=\u00bbcustom_link\u00bb link=\u00bbhttp:\/\/http:\/\/elsiglo.com.pa\/panama\/invasion-identidad-panamena-poesia-bicentenario\/24190730&#8243;][\/vc_column][vc_column width=\u00bb3\/4&#8243;][vc_column_text]<a href=\"http:\/\/elsiglo.com.pa\/panama\/invasion-identidad-panamena-poesia-bicentenario\/24190730\" target=\"_blank\" rel=\"noopener\">La invasi\u00f3n y la identidad paname\u00f1a en la poes\u00eda en el Bicentenario\u00a0<\/a>[\/vc_column_text][\/vc_column][\/vc_row][vc_row][vc_column width=\u00bb1\/4&#8243;][vc_single_image image=\u00bb2301&#8243; onclick=\u00bbcustom_link\u00bb link=\u00bbhttp:\/\/elsiglo.com.pa\/panama\/invasion-identidad-panamena-vista-traves-narrativa-bicentenario\/24191197&#8243;][\/vc_column][vc_column width=\u00bb3\/4&#8243;][vc_column_text]<a href=\"http:\/\/elsiglo.com.pa\/panama\/invasion-identidad-panamena-vista-traves-narrativa-bicentenario\/24191197\" target=\"_blank\" rel=\"noopener\">La invasi\u00f3n y la identidad paname\u00f1a vista a trav\u00e9s de su narrativa del Bicentenario \u2013 Parte I\u00a0<\/a>[\/vc_column_text][\/vc_column][\/vc_row]<\/p>\n","protected":false},"excerpt":{"rendered":"<p>[vc_row][vc_column][vc_empty_space height=\u00bb65px\u00bb][vc_column_text] Art\u00edculo de Destino Panam\u00e1 [\/vc_column_text][vc_column_text]Operaci\u00f3n Causa Justa: las dudas y el luto, 36 a\u00f1os despu\u00e9s (nota sobre discurso del Dr. Rolando Murgas Torrazza).\u00a0 [\/vc_column_text][vc_empty_space height=\u00bb65px\u00bb][\/vc_column][\/vc_row][vc_row][vc_column][vc_empty_space height=\u00bb65px\u00bb][vc_column_text] \u00a0Balbina Herrera Ara\u00faz [\/vc_column_text][vc_column_text]\u00a0La invasi\u00f3n: memoria y responsabilidad hist\u00f3rica\u00a0 [\/vc_column_text][vc_empty_space height=\u00bb65px\u00bb][\/vc_column][\/vc_row][vc_row][vc_column][vc_empty_space height=\u00bb65px\u00bb][vc_column_text] Prof. Anayansi Turner [\/vc_column_text][vc_column_text]Apoyo a la Comisi\u00f3n 20 de Diciembre [\/vc_column_text][vc_empty_space height=\u00bb65px\u00bb][\/vc_column][\/vc_row][vc_row][vc_column][vc_empty_space height=\u00bb65px\u00bb][vc_column_text] Dra. M\u00f3nica P\u00e9rez Campos\u00a0 [\/vc_column_text][vc_column_text]El 20 de diciembre es duelo nacional[\/vc_column_text][vc_empty_space height=\u00bb65px\u00bb][\/vc_column][\/vc_row][vc_row][vc_column][vc_empty_space height=\u00bb65px\u00bb][vc_column_text] Enrique Andr\u00e9s Ruiz [\/vc_column_text][\/vc_column][\/vc_row][vc_row][vc_column width=\u00bb1\/4&#8243;][vc_single_image image=\u00bb2416&#8243;][\/vc_column][vc_column width=\u00bb3\/4&#8243;][vc_column_text] En memoria de Julio Zachrisson [\/vc_column_text][\/vc_column][\/vc_row][vc_row][vc_column][vc_empty_space height=\u00bb65px\u00bb][vc_column_text] Juan Planells Fern\u00e1ndez [\/vc_column_text][vc_column_text]Los Gritos de la Historia[\/vc_column_text][vc_column_text]Desenterrando la Historia[\/vc_column_text][vc_empty_space height=\u00bb65px\u00bb][\/vc_column][\/vc_row][vc_row][vc_column][vc_empty_space height=\u00bb65px\u00bb][vc_column_text] Jorge E. Illueca [\/vc_column_text][vc_column_text]B\u00daSQUEDA DE LA VERDAD La Comisi\u00f3n 20 de Diciembre de 1989: Enrique Illueca [\/vc_column_text][vc_column_text]El 20 de Diciembre de 1989 Por: Jorge E. Illueca[\/vc_column_text][vc_empty_space height=\u00bb65px\u00bb][\/vc_column][\/vc_row][vc_row][vc_column][vc_column_text] Rafael Candanedo [\/vc_column_text][vc_column_text] \u00bfPanam\u00e1 demandar\u00e1 a Estados Unidos?\u00a0 &#8211; La Prensa, Opini\u00f3n\u00a0 [\/vc_column_text][vc_empty_space height=\u00bb65px\u00bb][\/vc_column][\/vc_row][vc_row][vc_column][vc_column_text] Rommel Escarreola\u00a0 [\/vc_column_text][\/vc_column][\/vc_row][vc_row][vc_column width=\u00bb1\/4&#8243;][vc_single_image image=\u00bb2298&#8243; onclick=\u00bbcustom_link\u00bb link=\u00bbhttp:\/\/elsiglo.com.pa\/panama\/invasiones-estados-unidos-panama\/24189900&#8243;][\/vc_column][vc_column width=\u00bb3\/4&#8243;][vc_column_text]Las invasiones de Estados Unidos a Panam\u00e1 \u2013 Parte I\u00a0[\/vc_column_text][\/vc_column][\/vc_row][vc_row][vc_column width=\u00bb1\/4&#8243;][vc_single_image image=\u00bb2300&#8243; onclick=\u00bbcustom_link\u00bb link=\u00bbhttp:\/\/http:\/\/elsiglo.com.pa\/panama\/invasion-identidad-panamena-poesia-bicentenario\/24190730&#8243;][\/vc_column][vc_column width=\u00bb3\/4&#8243;][vc_column_text]La invasi\u00f3n y la identidad paname\u00f1a en la poes\u00eda en el Bicentenario\u00a0[\/vc_column_text][\/vc_column][\/vc_row][vc_row][vc_column width=\u00bb1\/4&#8243;][vc_single_image image=\u00bb2301&#8243; onclick=\u00bbcustom_link\u00bb link=\u00bbhttp:\/\/elsiglo.com.pa\/panama\/invasion-identidad-panamena-vista-traves-narrativa-bicentenario\/24191197&#8243;][\/vc_column][vc_column width=\u00bb3\/4&#8243;][vc_column_text]La invasi\u00f3n y la identidad paname\u00f1a vista a trav\u00e9s de su narrativa del Bicentenario \u2013 Parte I\u00a0[\/vc_column_text][\/vc_column][\/vc_row]<\/p>\n","protected":false},"author":7,"featured_media":0,"parent":0,"menu_order":0,"comment_status":"closed","ping_status":"closed","template":"","meta":{"footnotes":""},"class_list":["post-26","page","type-page","status-publish","hentry"],"yoast_head":"<!-- This site is optimized with the Yoast SEO plugin v27.3 - https:\/\/yoast.com\/product\/yoast-seo-wordpress\/ -->\n<title>Art\u00edculos Relacionados - Comision 20 de diciembre<\/title>\n<meta name=\"robots\" content=\"index, follow, max-snippet:-1, max-image-preview:large, max-video-preview:-1\" \/>\n<link rel=\"canonical\" href=\"https:\/\/comision20dediciembrede1989.org.pa\/index.php\/articulos\/\" \/>\n<meta property=\"og:locale\" content=\"es_ES\" \/>\n<meta property=\"og:type\" content=\"article\" \/>\n<meta property=\"og:title\" content=\"Art\u00edculos Relacionados - Comision 20 de diciembre\" \/>\n<meta property=\"og:description\" content=\"[vc_row][vc_column][vc_empty_space height=\u00bb65px\u00bb][vc_column_text] Art\u00edculo de Destino Panam\u00e1 [\/vc_column_text][vc_column_text]Operaci\u00f3n Causa Justa: las dudas y el luto, 36 a\u00f1os despu\u00e9s (nota sobre discurso del Dr. Rolando Murgas Torrazza).\u00a0 [\/vc_column_text][vc_empty_space height=\u00bb65px\u00bb][\/vc_column][\/vc_row][vc_row][vc_column][vc_empty_space height=\u00bb65px\u00bb][vc_column_text] \u00a0Balbina Herrera Ara\u00faz [\/vc_column_text][vc_column_text]\u00a0La invasi\u00f3n: memoria y responsabilidad hist\u00f3rica\u00a0 [\/vc_column_text][vc_empty_space height=\u00bb65px\u00bb][\/vc_column][\/vc_row][vc_row][vc_column][vc_empty_space height=\u00bb65px\u00bb][vc_column_text] Prof. Anayansi Turner [\/vc_column_text][vc_column_text]Apoyo a la Comisi\u00f3n 20 de Diciembre [\/vc_column_text][vc_empty_space height=\u00bb65px\u00bb][\/vc_column][\/vc_row][vc_row][vc_column][vc_empty_space height=\u00bb65px\u00bb][vc_column_text] Dra. M\u00f3nica P\u00e9rez Campos\u00a0 [\/vc_column_text][vc_column_text]El 20 de diciembre es duelo nacional[\/vc_column_text][vc_empty_space height=\u00bb65px\u00bb][\/vc_column][\/vc_row][vc_row][vc_column][vc_empty_space height=\u00bb65px\u00bb][vc_column_text] Enrique Andr\u00e9s Ruiz [\/vc_column_text][\/vc_column][\/vc_row][vc_row][vc_column width=\u00bb1\/4&#8243;][vc_single_image image=\u00bb2416&#8243;][\/vc_column][vc_column width=\u00bb3\/4&#8243;][vc_column_text] En memoria de Julio Zachrisson [\/vc_column_text][\/vc_column][\/vc_row][vc_row][vc_column][vc_empty_space height=\u00bb65px\u00bb][vc_column_text] Juan Planells Fern\u00e1ndez [\/vc_column_text][vc_column_text]Los Gritos de la Historia[\/vc_column_text][vc_column_text]Desenterrando la Historia[\/vc_column_text][vc_empty_space height=\u00bb65px\u00bb][\/vc_column][\/vc_row][vc_row][vc_column][vc_empty_space height=\u00bb65px\u00bb][vc_column_text] Jorge E. Illueca [\/vc_column_text][vc_column_text]B\u00daSQUEDA DE LA VERDAD La Comisi\u00f3n 20 de Diciembre de 1989: Enrique Illueca [\/vc_column_text][vc_column_text]El 20 de Diciembre de 1989 Por: Jorge E. Illueca[\/vc_column_text][vc_empty_space height=\u00bb65px\u00bb][\/vc_column][\/vc_row][vc_row][vc_column][vc_column_text] Rafael Candanedo [\/vc_column_text][vc_column_text] \u00bfPanam\u00e1 demandar\u00e1 a Estados Unidos?\u00a0 &#8211; La Prensa, Opini\u00f3n\u00a0 [\/vc_column_text][vc_empty_space height=\u00bb65px\u00bb][\/vc_column][\/vc_row][vc_row][vc_column][vc_column_text] Rommel Escarreola\u00a0 [\/vc_column_text][\/vc_column][\/vc_row][vc_row][vc_column width=\u00bb1\/4&#8243;][vc_single_image image=\u00bb2298&#8243; onclick=\u00bbcustom_link\u00bb link=\u00bbhttp:\/\/elsiglo.com.pa\/panama\/invasiones-estados-unidos-panama\/24189900&#8243;][\/vc_column][vc_column width=\u00bb3\/4&#8243;][vc_column_text]Las invasiones de Estados Unidos a Panam\u00e1 \u2013 Parte I\u00a0[\/vc_column_text][\/vc_column][\/vc_row][vc_row][vc_column width=\u00bb1\/4&#8243;][vc_single_image image=\u00bb2300&#8243; onclick=\u00bbcustom_link\u00bb link=\u00bbhttp:\/\/http:\/\/elsiglo.com.pa\/panama\/invasion-identidad-panamena-poesia-bicentenario\/24190730&#8243;][\/vc_column][vc_column width=\u00bb3\/4&#8243;][vc_column_text]La invasi\u00f3n y la identidad paname\u00f1a en la poes\u00eda en el Bicentenario\u00a0[\/vc_column_text][\/vc_column][\/vc_row][vc_row][vc_column width=\u00bb1\/4&#8243;][vc_single_image image=\u00bb2301&#8243; onclick=\u00bbcustom_link\u00bb link=\u00bbhttp:\/\/elsiglo.com.pa\/panama\/invasion-identidad-panamena-vista-traves-narrativa-bicentenario\/24191197&#8243;][\/vc_column][vc_column width=\u00bb3\/4&#8243;][vc_column_text]La invasi\u00f3n y la identidad paname\u00f1a vista a trav\u00e9s de su narrativa del Bicentenario \u2013 Parte I\u00a0[\/vc_column_text][\/vc_column][\/vc_row]\" \/>\n<meta property=\"og:url\" content=\"https:\/\/comision20dediciembrede1989.org.pa\/index.php\/articulos\/\" \/>\n<meta property=\"og:site_name\" content=\"Comision 20 de diciembre\" \/>\n<meta property=\"article:modified_time\" content=\"2026-01-07T01:36:22+00:00\" \/>\n<meta name=\"twitter:card\" content=\"summary_large_image\" \/>\n<meta name=\"twitter:label1\" content=\"Tiempo de lectura\" \/>\n\t<meta name=\"twitter:data1\" content=\"2 minutos\" \/>\n<script type=\"application\/ld+json\" class=\"yoast-schema-graph\">{\"@context\":\"https:\\\/\\\/schema.org\",\"@graph\":[{\"@type\":\"WebPage\",\"@id\":\"https:\\\/\\\/comision20dediciembrede1989.org.pa\\\/index.php\\\/articulos\\\/\",\"url\":\"https:\\\/\\\/comision20dediciembrede1989.org.pa\\\/index.php\\\/articulos\\\/\",\"name\":\"Art\u00edculos Relacionados - Comision 20 de diciembre\",\"isPartOf\":{\"@id\":\"https:\\\/\\\/comision20dediciembrede1989.org.pa\\\/#website\"},\"datePublished\":\"2016-08-09T14:20:12+00:00\",\"dateModified\":\"2026-01-07T01:36:22+00:00\",\"breadcrumb\":{\"@id\":\"https:\\\/\\\/comision20dediciembrede1989.org.pa\\\/index.php\\\/articulos\\\/#breadcrumb\"},\"inLanguage\":\"es\",\"potentialAction\":[{\"@type\":\"ReadAction\",\"target\":[\"https:\\\/\\\/comision20dediciembrede1989.org.pa\\\/index.php\\\/articulos\\\/\"]}]},{\"@type\":\"BreadcrumbList\",\"@id\":\"https:\\\/\\\/comision20dediciembrede1989.org.pa\\\/index.php\\\/articulos\\\/#breadcrumb\",\"itemListElement\":[{\"@type\":\"ListItem\",\"position\":1,\"name\":\"Portada\",\"item\":\"https:\\\/\\\/comision20dediciembrede1989.org.pa\\\/\"},{\"@type\":\"ListItem\",\"position\":2,\"name\":\"Art\u00edculos Relacionados\"}]},{\"@type\":\"WebSite\",\"@id\":\"https:\\\/\\\/comision20dediciembrede1989.org.pa\\\/#website\",\"url\":\"https:\\\/\\\/comision20dediciembrede1989.org.pa\\\/\",\"name\":\"Comision 20 de diciembre\",\"description\":\"Por la Verdad, la Memoria y la Justicia\",\"potentialAction\":[{\"@type\":\"SearchAction\",\"target\":{\"@type\":\"EntryPoint\",\"urlTemplate\":\"https:\\\/\\\/comision20dediciembrede1989.org.pa\\\/?s={search_term_string}\"},\"query-input\":{\"@type\":\"PropertyValueSpecification\",\"valueRequired\":true,\"valueName\":\"search_term_string\"}}],\"inLanguage\":\"es\"}]}<\/script>\n<!-- \/ Yoast SEO plugin. -->","yoast_head_json":{"title":"Art\u00edculos Relacionados - Comision 20 de diciembre","robots":{"index":"index","follow":"follow","max-snippet":"max-snippet:-1","max-image-preview":"max-image-preview:large","max-video-preview":"max-video-preview:-1"},"canonical":"https:\/\/comision20dediciembrede1989.org.pa\/index.php\/articulos\/","og_locale":"es_ES","og_type":"article","og_title":"Art\u00edculos Relacionados - Comision 20 de diciembre","og_description":"[vc_row][vc_column][vc_empty_space height=\u00bb65px\u00bb][vc_column_text] Art\u00edculo de Destino Panam\u00e1 [\/vc_column_text][vc_column_text]Operaci\u00f3n Causa Justa: las dudas y el luto, 36 a\u00f1os despu\u00e9s (nota sobre discurso del Dr. Rolando Murgas Torrazza).\u00a0 [\/vc_column_text][vc_empty_space height=\u00bb65px\u00bb][\/vc_column][\/vc_row][vc_row][vc_column][vc_empty_space height=\u00bb65px\u00bb][vc_column_text] \u00a0Balbina Herrera Ara\u00faz [\/vc_column_text][vc_column_text]\u00a0La invasi\u00f3n: memoria y responsabilidad hist\u00f3rica\u00a0 [\/vc_column_text][vc_empty_space height=\u00bb65px\u00bb][\/vc_column][\/vc_row][vc_row][vc_column][vc_empty_space height=\u00bb65px\u00bb][vc_column_text] Prof. Anayansi Turner [\/vc_column_text][vc_column_text]Apoyo a la Comisi\u00f3n 20 de Diciembre [\/vc_column_text][vc_empty_space height=\u00bb65px\u00bb][\/vc_column][\/vc_row][vc_row][vc_column][vc_empty_space height=\u00bb65px\u00bb][vc_column_text] Dra. M\u00f3nica P\u00e9rez Campos\u00a0 [\/vc_column_text][vc_column_text]El 20 de diciembre es duelo nacional[\/vc_column_text][vc_empty_space height=\u00bb65px\u00bb][\/vc_column][\/vc_row][vc_row][vc_column][vc_empty_space height=\u00bb65px\u00bb][vc_column_text] Enrique Andr\u00e9s Ruiz [\/vc_column_text][\/vc_column][\/vc_row][vc_row][vc_column width=\u00bb1\/4&#8243;][vc_single_image image=\u00bb2416&#8243;][\/vc_column][vc_column width=\u00bb3\/4&#8243;][vc_column_text] En memoria de Julio Zachrisson [\/vc_column_text][\/vc_column][\/vc_row][vc_row][vc_column][vc_empty_space height=\u00bb65px\u00bb][vc_column_text] Juan Planells Fern\u00e1ndez [\/vc_column_text][vc_column_text]Los Gritos de la Historia[\/vc_column_text][vc_column_text]Desenterrando la Historia[\/vc_column_text][vc_empty_space height=\u00bb65px\u00bb][\/vc_column][\/vc_row][vc_row][vc_column][vc_empty_space height=\u00bb65px\u00bb][vc_column_text] Jorge E. Illueca [\/vc_column_text][vc_column_text]B\u00daSQUEDA DE LA VERDAD La Comisi\u00f3n 20 de Diciembre de 1989: Enrique Illueca [\/vc_column_text][vc_column_text]El 20 de Diciembre de 1989 Por: Jorge E. Illueca[\/vc_column_text][vc_empty_space height=\u00bb65px\u00bb][\/vc_column][\/vc_row][vc_row][vc_column][vc_column_text] Rafael Candanedo [\/vc_column_text][vc_column_text] \u00bfPanam\u00e1 demandar\u00e1 a Estados Unidos?\u00a0 &#8211; La Prensa, Opini\u00f3n\u00a0 [\/vc_column_text][vc_empty_space height=\u00bb65px\u00bb][\/vc_column][\/vc_row][vc_row][vc_column][vc_column_text] Rommel Escarreola\u00a0 [\/vc_column_text][\/vc_column][\/vc_row][vc_row][vc_column width=\u00bb1\/4&#8243;][vc_single_image image=\u00bb2298&#8243; onclick=\u00bbcustom_link\u00bb link=\u00bbhttp:\/\/elsiglo.com.pa\/panama\/invasiones-estados-unidos-panama\/24189900&#8243;][\/vc_column][vc_column width=\u00bb3\/4&#8243;][vc_column_text]Las invasiones de Estados Unidos a Panam\u00e1 \u2013 Parte I\u00a0[\/vc_column_text][\/vc_column][\/vc_row][vc_row][vc_column width=\u00bb1\/4&#8243;][vc_single_image image=\u00bb2300&#8243; onclick=\u00bbcustom_link\u00bb link=\u00bbhttp:\/\/http:\/\/elsiglo.com.pa\/panama\/invasion-identidad-panamena-poesia-bicentenario\/24190730&#8243;][\/vc_column][vc_column width=\u00bb3\/4&#8243;][vc_column_text]La invasi\u00f3n y la identidad paname\u00f1a en la poes\u00eda en el Bicentenario\u00a0[\/vc_column_text][\/vc_column][\/vc_row][vc_row][vc_column width=\u00bb1\/4&#8243;][vc_single_image image=\u00bb2301&#8243; onclick=\u00bbcustom_link\u00bb link=\u00bbhttp:\/\/elsiglo.com.pa\/panama\/invasion-identidad-panamena-vista-traves-narrativa-bicentenario\/24191197&#8243;][\/vc_column][vc_column width=\u00bb3\/4&#8243;][vc_column_text]La invasi\u00f3n y la identidad paname\u00f1a vista a trav\u00e9s de su narrativa del Bicentenario \u2013 Parte I\u00a0[\/vc_column_text][\/vc_column][\/vc_row]","og_url":"https:\/\/comision20dediciembrede1989.org.pa\/index.php\/articulos\/","og_site_name":"Comision 20 de diciembre","article_modified_time":"2026-01-07T01:36:22+00:00","twitter_card":"summary_large_image","twitter_misc":{"Tiempo de lectura":"2 minutos"},"schema":{"@context":"https:\/\/schema.org","@graph":[{"@type":"WebPage","@id":"https:\/\/comision20dediciembrede1989.org.pa\/index.php\/articulos\/","url":"https:\/\/comision20dediciembrede1989.org.pa\/index.php\/articulos\/","name":"Art\u00edculos Relacionados - Comision 20 de diciembre","isPartOf":{"@id":"https:\/\/comision20dediciembrede1989.org.pa\/#website"},"datePublished":"2016-08-09T14:20:12+00:00","dateModified":"2026-01-07T01:36:22+00:00","breadcrumb":{"@id":"https:\/\/comision20dediciembrede1989.org.pa\/index.php\/articulos\/#breadcrumb"},"inLanguage":"es","potentialAction":[{"@type":"ReadAction","target":["https:\/\/comision20dediciembrede1989.org.pa\/index.php\/articulos\/"]}]},{"@type":"BreadcrumbList","@id":"https:\/\/comision20dediciembrede1989.org.pa\/index.php\/articulos\/#breadcrumb","itemListElement":[{"@type":"ListItem","position":1,"name":"Portada","item":"https:\/\/comision20dediciembrede1989.org.pa\/"},{"@type":"ListItem","position":2,"name":"Art\u00edculos Relacionados"}]},{"@type":"WebSite","@id":"https:\/\/comision20dediciembrede1989.org.pa\/#website","url":"https:\/\/comision20dediciembrede1989.org.pa\/","name":"Comision 20 de diciembre","description":"Por la Verdad, la Memoria y la Justicia","potentialAction":[{"@type":"SearchAction","target":{"@type":"EntryPoint","urlTemplate":"https:\/\/comision20dediciembrede1989.org.pa\/?s={search_term_string}"},"query-input":{"@type":"PropertyValueSpecification","valueRequired":true,"valueName":"search_term_string"}}],"inLanguage":"es"}]}},"_links":{"self":[{"href":"https:\/\/comision20dediciembrede1989.org.pa\/index.php\/wp-json\/wp\/v2\/pages\/26","targetHints":{"allow":["GET"]}}],"collection":[{"href":"https:\/\/comision20dediciembrede1989.org.pa\/index.php\/wp-json\/wp\/v2\/pages"}],"about":[{"href":"https:\/\/comision20dediciembrede1989.org.pa\/index.php\/wp-json\/wp\/v2\/types\/page"}],"author":[{"embeddable":true,"href":"https:\/\/comision20dediciembrede1989.org.pa\/index.php\/wp-json\/wp\/v2\/users\/7"}],"replies":[{"embeddable":true,"href":"https:\/\/comision20dediciembrede1989.org.pa\/index.php\/wp-json\/wp\/v2\/comments?post=26"}],"version-history":[{"count":15,"href":"https:\/\/comision20dediciembrede1989.org.pa\/index.php\/wp-json\/wp\/v2\/pages\/26\/revisions"}],"predecessor-version":[{"id":4245,"href":"https:\/\/comision20dediciembrede1989.org.pa\/index.php\/wp-json\/wp\/v2\/pages\/26\/revisions\/4245"}],"wp:attachment":[{"href":"https:\/\/comision20dediciembrede1989.org.pa\/index.php\/wp-json\/wp\/v2\/media?parent=26"}],"curies":[{"name":"wp","href":"https:\/\/api.w.org\/{rel}","templated":true}]}}