{"id":1999,"date":"2013-04-10T03:18:58","date_gmt":"2013-04-10T03:18:58","guid":{"rendered":"http:\/\/para.llel.us\/themes\/moxie-wp\/?page_id=227"},"modified":"2025-08-04T00:30:03","modified_gmt":"2025-08-04T00:30:03","slug":"contact","status":"publish","type":"page","link":"https:\/\/comision20dediciembrede1989.org.pa\/index.php\/contact\/","title":{"rendered":"Cont\u00e1ctenos"},"content":{"rendered":"<p>[vc_row el_position=\u00bbfirst\u00bb][vc_column][vc_gmaps link=\u00bb#E-8_JTNDaWZyYW1lJTIwc3JjJTNEJTIyaHR0cHMlM0ElMkYlMkZ3d3cuZ29vZ2xlLmNvbSUyRm1hcHMlMkZlbWJlZCUzRnBiJTNEJTIxMW0xOCUyMTFtMTIlMjExbTMlMjExZDM5NDEuMTczMDMxMzExODY1JTIxMmQtNzkuNTU4NTA2NjI1MTczNCUyMTNkOC45NTYxOTg0OTAxMjQ2OTIlMjEybTMlMjExZjAlMjEyZjAlMjEzZjAlMjEzbTIlMjExaTEwMjQlMjEyaTc2OCUyMTRmMTMuMSUyMTNtMyUyMTFtMiUyMTFzMHg4ZmFjYThhYjk5MWZjMmJmJTI1M0EweGNiMmU4OWYyNjUzY2U4ZjElMjEyczc1OSUyNTJDJTI1MjBBdiUyNTIwUm9tdWxvJTI1MjBFc2NvYmFyJTI1MjBCZXRoYW5jb3VydCUyNTIwNzU5JTI1MkMlMjUyMFBhbmFtJTI1QzMlMjVBMSUyNTJDJTI1MjBQcm92aW5jaWElMjUyMGRlJTI1MjBQYW5hbSUyNUMzJTI1QTElMjE1ZTAlMjEzbTIlMjExc2VzJTIxMnNwYSUyMTR2MTc0ODQ1MzM2NDE5MSUyMTVtMiUyMTFzZXMlMjEyc3BhJTIyJTIwd2lkdGglM0QlMjI2MDAlMjIlMjBoZWlnaHQlM0QlMjI0NTAlMjIlMjBzdHlsZSUzRCUyMmJvcmRlciUzQTAlM0IlMjIlMjBhbGxvd2Z1bGxzY3JlZW4lM0QlMjIlMjIlMjBsb2FkaW5nJTNEJTIybGF6eSUyMiUyMHJlZmVycmVycG9saWN5JTNEJTIybm8tcmVmZXJyZXItd2hlbi1kb3duZ3JhZGUlMjIlM0UlM0MlMkZpZnJhbWUlM0U=\u00bb size=\u00bb200&#8243; type=\u00bbm\u00bb zoom=\u00bb14&#8243; el_position=\u00bbfirst last\u00bb][\/vc_column][\/vc_row][vc_row][vc_column][vc_column_text] [\/vc_column_text][\/vc_column][\/vc_row][vc_row el_position=\u00bblast\u00bb][vc_column width=\u00bb1\/2&#8243;][vc_column_text el_position=\u00bbfirst\u00bb]<\/p>\n<h2>Queremos saber<\/h2>\n<p>Si tiene informaci\u00f3n sobre v\u00edctimas de la invasi\u00f3n a Panam\u00e1 el 20 de diciembre de 1989 o si desea realizar alguna denuncia relacionada con este tema<\/p>\n<h2>Direcci\u00f3n:<\/h2>\n<p class=\"_ap3a _aaco _aacu _aacy _aad6 _aade\" dir=\"auto\">Avenida R\u00f3mulo Escobar Bethancourt, Panama City, Panama<\/p>\n<h2>Tel\u00e9fono:<\/h2>\n<p>(507) 387-8424<\/p>\n<h2>B\u00fascanos en redes sociales:<\/h2>\n<p><a href=\"http:\/\/facebook.com\/Comisi\u00f3n-20-de-diciembre-de-1989-171968123255672\" target=\"_blank\" rel=\"noopener\">Facebook<\/a> | <a href=\"https:\/\/twitter.com\/comision20dedic\" target=\"_blank\" rel=\"noopener\">Twitter<\/a> | <a href=\"https:\/\/www.instagram.com\/comision20dedic\/\">Instagram<\/a>[\/vc_column_text][\/vc_column][vc_column width=\u00bb1\/2&#8243;][vc_column_text el_position=\u00bbfirst\u00bb]<\/p>\n<h2>Formulario de contacto<\/h2>\n<p>[\/vc_column_text][vc_column_text el_position=\u00bblast\u00bb]<\/p>\n\n\t\t<script type=\"text\/javascript\">\n\t\t\tjQuery(document).ready(function($) { \n\t\t\t\t$(\"#form_69d8fc02be48562\").validate({ \n\t\t\t\t\tsubmitHandler: function(form) {\n\t\t\t\t\t\tajaxContact(form);\t\/\/ form is valid, submit it\n\t\t\t\t\t\treturn false;\n\t\t\t\t\t},\n\t\t\t\t\terrorElement: \"em\",\n\t\t\t\t\terrorPlacement: function(error, element) {\n\t\t\t\t\t\terror.appendTo( element.closest(\"div\") );\n\t\t\t\t\t},\n\t\t\t\t\thighlight: function(element, errorClass, validClass) {\n\t\t\t\t\t\t$(element).addClass(errorClass).removeClass(validClass);\n\t\t\t\t\t\t$(element).closest(\".fieldContainer\").addClass(errorClass);\n\t\t\t\t\t},\n\t\t\t\t\tunhighlight: function(element, errorClass, validClass) {\n\t\t\t\t\t\t$(element).removeClass(errorClass).addClass(validClass);\n\t\t\t\t\t\t$(element).closest(\".fieldContainer\").removeClass(errorClass);\n\t\t\t\t\t},\n\t\t\t\t\tmessages: {\"correo\" : {required: \"Por favor escriba su correo correctamente\"},\"mensaje\" : {required: \"Por favor deje un mensaje\"},\"nombre\" : {required: \"Por favor escriba su nombre\"},\"captcha\" : {required: \"You must enter the verification code\"}}\n\t\t\t\t});\n\t\t\t});\n\t\t<\/script>\n\t\t<div class=\"contactFormWrapper\" style=\"position:relative;\">\n\t\t\t<div class=\"formMessages-top\" style=\"position:absolute;\">\n\t\t\t\t<div class=\"formSuccess\" style=\"display:none;\">\u00a1Hemos recibido su mensaje! Gracias por contactarnos<\/div>\n\t\t\t<\/div>\n\t\t\t<form class=\"cmxform publicContactForm\" id=\"form_69d8fc02be48562\" method=\"post\">\n\t\t\t\t<fieldset><legend>Contact Form<\/legend><div class=\"fieldContainer field_type_text\"><label for=\"correo_69d8fc02be48562\" class=\"formTitle hidden\">Escriba su correo<\/label><input type=\"text\" id=\"correo_69d8fc02be48562\" name=\"correo\" class=\"formField textInput required\" placeholder=\"Escriba su correo\" style=\"\"   ><div class=\"formCaption\">Correo<\/div><\/div><div class=\"fieldContainer field_type_textarea\"><label for=\"mensaje_69d8fc02be48562\" class=\"formTitle hidden\">Por favor escriba su mensaje<\/label><textarea id=\"mensaje_69d8fc02be48562\" name=\"mensaje\" class=\"formField textInput required\" placeholder=\"Por favor escriba su mensaje\" style=\"\"  ><\/textarea><div class=\"formCaption\">Mensaje<\/div><\/div><div class=\"fieldContainer field_type_text\"><label for=\"nombre_69d8fc02be48562\" class=\"formTitle hidden\">Juan Perez<\/label><input type=\"text\" id=\"nombre_69d8fc02be48562\" name=\"nombre\" class=\"formField textInput required\" placeholder=\"Juan Perez\" style=\"\"   ><div class=\"formCaption\">Nombre<\/div><\/div><div class=\"fieldContainer field_type_captcha\"><img decoding=\"async\" src=\"https:\/\/comision20dediciembrede1989.org.pa\/wp-content\/themes\/parallelus-moxie\/extensions\/contact-fields\/inc\/captcha\/captcha.php?_k2d4g\" id=\"image_captcha_69d8fc02be48562\" \/><br \/><div><label for=\"captcha_69d8fc02be48562\" class=\"formTitle hidden captchaLabel\">Image Verification<\/label><input type=\"text\" id=\"captcha_69d8fc02be48562\" name=\"captcha\" class=\"required textInput\" placeholder=\"Image Verification\" style=\"width: 150px;\" minlength=\"4\"  \/><div class=\"formCaption\"><a href=\"#\" onclick=\"document.getElementById('image_captcha_69d8fc02be48562').src='https:\/\/comision20dediciembrede1989.org.pa\/wp-content\/themes\/parallelus-moxie\/extensions\/contact-fields\/inc\/captcha\/captcha.php?_'+Math.random(); return false;\" id=\"refresh_img_captcha_69d8fc02be48562\">Refresh image?<\/a><\/div><\/div><\/div>\n\t\t\t\t\t<div class=\"contactFormBottom\">\n\t\t\t\t\t\t<button type=\"submit\" class=\"formSubmit\">Enviar<\/button>\n\t\t\t\t\t\t<span class=\"sending invisible\"><img decoding=\"async\" src=\"https:\/\/comision20dediciembrede1989.org.pa\/wp-content\/themes\/parallelus-moxie\/extensions\/contact-fields\/images\/ajax-loader.gif\" width=\"24\" height=\"24\" alt=\"Loading...\" class=\"sendingImg\" style=\"display:none;\"><\/span>\n\t\t\t\t\t\t\n\t\t\t\t\t\t<input class=\"\" type=\"hidden\" name=\"mail_action\" value=\"send\" \/>\n\t\t\t\t\t<\/div>\n\t\t\t\t<\/fieldset>\n\t\t\t<\/form>\n\t\t\t<div class=\"formMessages-bottom\">\n\t\t\t\t<div class=\"formError\" style=\"display:none;\"><\/div>\n\t\t\t<\/div>\n\t\t<\/div>\n<p>[\/vc_column_text][\/vc_column][\/vc_row]<\/p>\n","protected":false},"excerpt":{"rendered":"<p>[vc_row el_position=\u00bbfirst\u00bb][vc_column][vc_gmaps link=\u00bb#E-8_JTNDaWZyYW1lJTIwc3JjJTNEJTIyaHR0cHMlM0ElMkYlMkZ3d3cuZ29vZ2xlLmNvbSUyRm1hcHMlMkZlbWJlZCUzRnBiJTNEJTIxMW0xOCUyMTFtMTIlMjExbTMlMjExZDM5NDEuMTczMDMxMzExODY1JTIxMmQtNzkuNTU4NTA2NjI1MTczNCUyMTNkOC45NTYxOTg0OTAxMjQ2OTIlMjEybTMlMjExZjAlMjEyZjAlMjEzZjAlMjEzbTIlMjExaTEwMjQlMjEyaTc2OCUyMTRmMTMuMSUyMTNtMyUyMTFtMiUyMTFzMHg4ZmFjYThhYjk5MWZjMmJmJTI1M0EweGNiMmU4OWYyNjUzY2U4ZjElMjEyczc1OSUyNTJDJTI1MjBBdiUyNTIwUm9tdWxvJTI1MjBFc2NvYmFyJTI1MjBCZXRoYW5jb3VydCUyNTIwNzU5JTI1MkMlMjUyMFBhbmFtJTI1QzMlMjVBMSUyNTJDJTI1MjBQcm92aW5jaWElMjUyMGRlJTI1MjBQYW5hbSUyNUMzJTI1QTElMjE1ZTAlMjEzbTIlMjExc2VzJTIxMnNwYSUyMTR2MTc0ODQ1MzM2NDE5MSUyMTVtMiUyMTFzZXMlMjEyc3BhJTIyJTIwd2lkdGglM0QlMjI2MDAlMjIlMjBoZWlnaHQlM0QlMjI0NTAlMjIlMjBzdHlsZSUzRCUyMmJvcmRlciUzQTAlM0IlMjIlMjBhbGxvd2Z1bGxzY3JlZW4lM0QlMjIlMjIlMjBsb2FkaW5nJTNEJTIybGF6eSUyMiUyMHJlZmVycmVycG9saWN5JTNEJTIybm8tcmVmZXJyZXItd2hlbi1kb3duZ3JhZGUlMjIlM0UlM0MlMkZpZnJhbWUlM0U=\u00bb size=\u00bb200&#8243; type=\u00bbm\u00bb zoom=\u00bb14&#8243; el_position=\u00bbfirst last\u00bb][\/vc_column][\/vc_row][vc_row][vc_column][vc_column_text] [\/vc_column_text][\/vc_column][\/vc_row][vc_row el_position=\u00bblast\u00bb][vc_column width=\u00bb1\/2&#8243;][vc_column_text el_position=\u00bbfirst\u00bb] Queremos saber Si tiene informaci\u00f3n sobre v\u00edctimas de la invasi\u00f3n a Panam\u00e1 el 20 de diciembre de 1989 o si desea realizar alguna denuncia relacionada con este tema Direcci\u00f3n: Avenida R\u00f3mulo Escobar Bethancourt, Panama City, Panama Tel\u00e9fono: (507) 387-8424 B\u00fascanos en redes sociales: Facebook | Twitter | Instagram[\/vc_column_text][\/vc_column][vc_column width=\u00bb1\/2&#8243;][vc_column_text el_position=\u00bbfirst\u00bb] Formulario de contacto [\/vc_column_text][vc_column_text el_position=\u00bblast\u00bb] [\/vc_column_text][\/vc_column][\/vc_row]<\/p>\n","protected":false},"author":7,"featured_media":0,"parent":0,"menu_order":10,"comment_status":"closed","ping_status":"closed","template":"","meta":{"footnotes":""},"class_list":["post-1999","page","type-page","status-publish","hentry"],"yoast_head":"<!-- This site is optimized with the Yoast SEO plugin v27.3 - https:\/\/yoast.com\/product\/yoast-seo-wordpress\/ -->\n<title>Cont\u00e1ctenos - Comision 20 de diciembre<\/title>\n<meta name=\"robots\" content=\"index, follow, max-snippet:-1, max-image-preview:large, max-video-preview:-1\" \/>\n<link rel=\"canonical\" href=\"https:\/\/comision20dediciembrede1989.org.pa\/index.php\/contact\/\" \/>\n<meta property=\"og:locale\" content=\"es_ES\" \/>\n<meta property=\"og:type\" content=\"article\" \/>\n<meta property=\"og:title\" content=\"Cont\u00e1ctenos - Comision 20 de diciembre\" \/>\n<meta property=\"og:description\" content=\"[vc_row el_position=\u00bbfirst\u00bb][vc_column][vc_gmaps link=\u00bb#E-8_JTNDaWZyYW1lJTIwc3JjJTNEJTIyaHR0cHMlM0ElMkYlMkZ3d3cuZ29vZ2xlLmNvbSUyRm1hcHMlMkZlbWJlZCUzRnBiJTNEJTIxMW0xOCUyMTFtMTIlMjExbTMlMjExZDM5NDEuMTczMDMxMzExODY1JTIxMmQtNzkuNTU4NTA2NjI1MTczNCUyMTNkOC45NTYxOTg0OTAxMjQ2OTIlMjEybTMlMjExZjAlMjEyZjAlMjEzZjAlMjEzbTIlMjExaTEwMjQlMjEyaTc2OCUyMTRmMTMuMSUyMTNtMyUyMTFtMiUyMTFzMHg4ZmFjYThhYjk5MWZjMmJmJTI1M0EweGNiMmU4OWYyNjUzY2U4ZjElMjEyczc1OSUyNTJDJTI1MjBBdiUyNTIwUm9tdWxvJTI1MjBFc2NvYmFyJTI1MjBCZXRoYW5jb3VydCUyNTIwNzU5JTI1MkMlMjUyMFBhbmFtJTI1QzMlMjVBMSUyNTJDJTI1MjBQcm92aW5jaWElMjUyMGRlJTI1MjBQYW5hbSUyNUMzJTI1QTElMjE1ZTAlMjEzbTIlMjExc2VzJTIxMnNwYSUyMTR2MTc0ODQ1MzM2NDE5MSUyMTVtMiUyMTFzZXMlMjEyc3BhJTIyJTIwd2lkdGglM0QlMjI2MDAlMjIlMjBoZWlnaHQlM0QlMjI0NTAlMjIlMjBzdHlsZSUzRCUyMmJvcmRlciUzQTAlM0IlMjIlMjBhbGxvd2Z1bGxzY3JlZW4lM0QlMjIlMjIlMjBsb2FkaW5nJTNEJTIybGF6eSUyMiUyMHJlZmVycmVycG9saWN5JTNEJTIybm8tcmVmZXJyZXItd2hlbi1kb3duZ3JhZGUlMjIlM0UlM0MlMkZpZnJhbWUlM0U=\u00bb size=\u00bb200&#8243; type=\u00bbm\u00bb zoom=\u00bb14&#8243; el_position=\u00bbfirst last\u00bb][\/vc_column][\/vc_row][vc_row][vc_column][vc_column_text] [\/vc_column_text][\/vc_column][\/vc_row][vc_row el_position=\u00bblast\u00bb][vc_column width=\u00bb1\/2&#8243;][vc_column_text el_position=\u00bbfirst\u00bb] Queremos saber Si tiene informaci\u00f3n sobre v\u00edctimas de la invasi\u00f3n a Panam\u00e1 el 20 de diciembre de 1989 o si desea realizar alguna denuncia relacionada con este tema Direcci\u00f3n: Avenida R\u00f3mulo Escobar Bethancourt, Panama City, Panama Tel\u00e9fono: (507) 387-8424 B\u00fascanos en redes sociales: Facebook | Twitter | Instagram[\/vc_column_text][\/vc_column][vc_column width=\u00bb1\/2&#8243;][vc_column_text el_position=\u00bbfirst\u00bb] Formulario de contacto [\/vc_column_text][vc_column_text el_position=\u00bblast\u00bb] [\/vc_column_text][\/vc_column][\/vc_row]\" \/>\n<meta property=\"og:url\" content=\"https:\/\/comision20dediciembrede1989.org.pa\/index.php\/contact\/\" \/>\n<meta property=\"og:site_name\" content=\"Comision 20 de diciembre\" \/>\n<meta property=\"article:modified_time\" content=\"2025-08-04T00:30:03+00:00\" \/>\n<meta name=\"twitter:card\" content=\"summary_large_image\" \/>\n<meta name=\"twitter:label1\" content=\"Tiempo de lectura\" \/>\n\t<meta name=\"twitter:data1\" content=\"1 minuto\" \/>\n<script type=\"application\/ld+json\" class=\"yoast-schema-graph\">{\"@context\":\"https:\\\/\\\/schema.org\",\"@graph\":[{\"@type\":\"WebPage\",\"@id\":\"https:\\\/\\\/comision20dediciembrede1989.org.pa\\\/index.php\\\/contact\\\/\",\"url\":\"https:\\\/\\\/comision20dediciembrede1989.org.pa\\\/index.php\\\/contact\\\/\",\"name\":\"Cont\u00e1ctenos - Comision 20 de diciembre\",\"isPartOf\":{\"@id\":\"https:\\\/\\\/comision20dediciembrede1989.org.pa\\\/#website\"},\"datePublished\":\"2013-04-10T03:18:58+00:00\",\"dateModified\":\"2025-08-04T00:30:03+00:00\",\"breadcrumb\":{\"@id\":\"https:\\\/\\\/comision20dediciembrede1989.org.pa\\\/index.php\\\/contact\\\/#breadcrumb\"},\"inLanguage\":\"es\",\"potentialAction\":[{\"@type\":\"ReadAction\",\"target\":[\"https:\\\/\\\/comision20dediciembrede1989.org.pa\\\/index.php\\\/contact\\\/\"]}]},{\"@type\":\"BreadcrumbList\",\"@id\":\"https:\\\/\\\/comision20dediciembrede1989.org.pa\\\/index.php\\\/contact\\\/#breadcrumb\",\"itemListElement\":[{\"@type\":\"ListItem\",\"position\":1,\"name\":\"Portada\",\"item\":\"https:\\\/\\\/comision20dediciembrede1989.org.pa\\\/\"},{\"@type\":\"ListItem\",\"position\":2,\"name\":\"Cont\u00e1ctenos\"}]},{\"@type\":\"WebSite\",\"@id\":\"https:\\\/\\\/comision20dediciembrede1989.org.pa\\\/#website\",\"url\":\"https:\\\/\\\/comision20dediciembrede1989.org.pa\\\/\",\"name\":\"Comision 20 de diciembre\",\"description\":\"Por la Verdad, la Memoria y la Justicia\",\"potentialAction\":[{\"@type\":\"SearchAction\",\"target\":{\"@type\":\"EntryPoint\",\"urlTemplate\":\"https:\\\/\\\/comision20dediciembrede1989.org.pa\\\/?s={search_term_string}\"},\"query-input\":{\"@type\":\"PropertyValueSpecification\",\"valueRequired\":true,\"valueName\":\"search_term_string\"}}],\"inLanguage\":\"es\"}]}<\/script>\n<!-- \/ Yoast SEO plugin. -->","yoast_head_json":{"title":"Cont\u00e1ctenos - Comision 20 de diciembre","robots":{"index":"index","follow":"follow","max-snippet":"max-snippet:-1","max-image-preview":"max-image-preview:large","max-video-preview":"max-video-preview:-1"},"canonical":"https:\/\/comision20dediciembrede1989.org.pa\/index.php\/contact\/","og_locale":"es_ES","og_type":"article","og_title":"Cont\u00e1ctenos - Comision 20 de diciembre","og_description":"[vc_row el_position=\u00bbfirst\u00bb][vc_column][vc_gmaps link=\u00bb#E-8_JTNDaWZyYW1lJTIwc3JjJTNEJTIyaHR0cHMlM0ElMkYlMkZ3d3cuZ29vZ2xlLmNvbSUyRm1hcHMlMkZlbWJlZCUzRnBiJTNEJTIxMW0xOCUyMTFtMTIlMjExbTMlMjExZDM5NDEuMTczMDMxMzExODY1JTIxMmQtNzkuNTU4NTA2NjI1MTczNCUyMTNkOC45NTYxOTg0OTAxMjQ2OTIlMjEybTMlMjExZjAlMjEyZjAlMjEzZjAlMjEzbTIlMjExaTEwMjQlMjEyaTc2OCUyMTRmMTMuMSUyMTNtMyUyMTFtMiUyMTFzMHg4ZmFjYThhYjk5MWZjMmJmJTI1M0EweGNiMmU4OWYyNjUzY2U4ZjElMjEyczc1OSUyNTJDJTI1MjBBdiUyNTIwUm9tdWxvJTI1MjBFc2NvYmFyJTI1MjBCZXRoYW5jb3VydCUyNTIwNzU5JTI1MkMlMjUyMFBhbmFtJTI1QzMlMjVBMSUyNTJDJTI1MjBQcm92aW5jaWElMjUyMGRlJTI1MjBQYW5hbSUyNUMzJTI1QTElMjE1ZTAlMjEzbTIlMjExc2VzJTIxMnNwYSUyMTR2MTc0ODQ1MzM2NDE5MSUyMTVtMiUyMTFzZXMlMjEyc3BhJTIyJTIwd2lkdGglM0QlMjI2MDAlMjIlMjBoZWlnaHQlM0QlMjI0NTAlMjIlMjBzdHlsZSUzRCUyMmJvcmRlciUzQTAlM0IlMjIlMjBhbGxvd2Z1bGxzY3JlZW4lM0QlMjIlMjIlMjBsb2FkaW5nJTNEJTIybGF6eSUyMiUyMHJlZmVycmVycG9saWN5JTNEJTIybm8tcmVmZXJyZXItd2hlbi1kb3duZ3JhZGUlMjIlM0UlM0MlMkZpZnJhbWUlM0U=\u00bb size=\u00bb200&#8243; type=\u00bbm\u00bb zoom=\u00bb14&#8243; el_position=\u00bbfirst last\u00bb][\/vc_column][\/vc_row][vc_row][vc_column][vc_column_text] [\/vc_column_text][\/vc_column][\/vc_row][vc_row el_position=\u00bblast\u00bb][vc_column width=\u00bb1\/2&#8243;][vc_column_text el_position=\u00bbfirst\u00bb] Queremos saber Si tiene informaci\u00f3n sobre v\u00edctimas de la invasi\u00f3n a Panam\u00e1 el 20 de diciembre de 1989 o si desea realizar alguna denuncia relacionada con este tema Direcci\u00f3n: Avenida R\u00f3mulo Escobar Bethancourt, Panama City, Panama Tel\u00e9fono: (507) 387-8424 B\u00fascanos en redes sociales: Facebook | Twitter | Instagram[\/vc_column_text][\/vc_column][vc_column width=\u00bb1\/2&#8243;][vc_column_text el_position=\u00bbfirst\u00bb] Formulario de contacto [\/vc_column_text][vc_column_text el_position=\u00bblast\u00bb] [\/vc_column_text][\/vc_column][\/vc_row]","og_url":"https:\/\/comision20dediciembrede1989.org.pa\/index.php\/contact\/","og_site_name":"Comision 20 de diciembre","article_modified_time":"2025-08-04T00:30:03+00:00","twitter_card":"summary_large_image","twitter_misc":{"Tiempo de lectura":"1 minuto"},"schema":{"@context":"https:\/\/schema.org","@graph":[{"@type":"WebPage","@id":"https:\/\/comision20dediciembrede1989.org.pa\/index.php\/contact\/","url":"https:\/\/comision20dediciembrede1989.org.pa\/index.php\/contact\/","name":"Cont\u00e1ctenos - Comision 20 de diciembre","isPartOf":{"@id":"https:\/\/comision20dediciembrede1989.org.pa\/#website"},"datePublished":"2013-04-10T03:18:58+00:00","dateModified":"2025-08-04T00:30:03+00:00","breadcrumb":{"@id":"https:\/\/comision20dediciembrede1989.org.pa\/index.php\/contact\/#breadcrumb"},"inLanguage":"es","potentialAction":[{"@type":"ReadAction","target":["https:\/\/comision20dediciembrede1989.org.pa\/index.php\/contact\/"]}]},{"@type":"BreadcrumbList","@id":"https:\/\/comision20dediciembrede1989.org.pa\/index.php\/contact\/#breadcrumb","itemListElement":[{"@type":"ListItem","position":1,"name":"Portada","item":"https:\/\/comision20dediciembrede1989.org.pa\/"},{"@type":"ListItem","position":2,"name":"Cont\u00e1ctenos"}]},{"@type":"WebSite","@id":"https:\/\/comision20dediciembrede1989.org.pa\/#website","url":"https:\/\/comision20dediciembrede1989.org.pa\/","name":"Comision 20 de diciembre","description":"Por la Verdad, la Memoria y la Justicia","potentialAction":[{"@type":"SearchAction","target":{"@type":"EntryPoint","urlTemplate":"https:\/\/comision20dediciembrede1989.org.pa\/?s={search_term_string}"},"query-input":{"@type":"PropertyValueSpecification","valueRequired":true,"valueName":"search_term_string"}}],"inLanguage":"es"}]}},"_links":{"self":[{"href":"https:\/\/comision20dediciembrede1989.org.pa\/index.php\/wp-json\/wp\/v2\/pages\/1999","targetHints":{"allow":["GET"]}}],"collection":[{"href":"https:\/\/comision20dediciembrede1989.org.pa\/index.php\/wp-json\/wp\/v2\/pages"}],"about":[{"href":"https:\/\/comision20dediciembrede1989.org.pa\/index.php\/wp-json\/wp\/v2\/types\/page"}],"author":[{"embeddable":true,"href":"https:\/\/comision20dediciembrede1989.org.pa\/index.php\/wp-json\/wp\/v2\/users\/7"}],"replies":[{"embeddable":true,"href":"https:\/\/comision20dediciembrede1989.org.pa\/index.php\/wp-json\/wp\/v2\/comments?post=1999"}],"version-history":[{"count":12,"href":"https:\/\/comision20dediciembrede1989.org.pa\/index.php\/wp-json\/wp\/v2\/pages\/1999\/revisions"}],"predecessor-version":[{"id":4127,"href":"https:\/\/comision20dediciembrede1989.org.pa\/index.php\/wp-json\/wp\/v2\/pages\/1999\/revisions\/4127"}],"wp:attachment":[{"href":"https:\/\/comision20dediciembrede1989.org.pa\/index.php\/wp-json\/wp\/v2\/media?parent=1999"}],"curies":[{"name":"wp","href":"https:\/\/api.w.org\/{rel}","templated":true}]}}