{"version":"1.0","provider_name":"Comision 20 de diciembre","provider_url":"https:\/\/comision20dediciembrede1989.org.pa","author_name":"MFadmin","author_url":"https:\/\/comision20dediciembrede1989.org.pa\/index.php\/author\/mfadmin\/","title":"Galer\u00eda de Fotos | Archivo | Comisi\u00f3n 20 de Diciembre","type":"rich","width":600,"height":338,"html":"<blockquote class=\"wp-embedded-content\" data-secret=\"lnYwqyouc3\"><a href=\"https:\/\/comision20dediciembrede1989.org.pa\/index.php\/2433-2\/\">Galer\u00eda de Fotos<\/a><\/blockquote><iframe sandbox=\"allow-scripts\" security=\"restricted\" src=\"https:\/\/comision20dediciembrede1989.org.pa\/index.php\/2433-2\/embed\/#?secret=lnYwqyouc3\" width=\"600\" height=\"338\" title=\"\u00abGaler\u00eda de Fotos\u00bb \u2014 Comision 20 de diciembre\" data-secret=\"lnYwqyouc3\" frameborder=\"0\" marginwidth=\"0\" marginheight=\"0\" scrolling=\"no\" class=\"wp-embedded-content\"><\/iframe><script type=\"text\/javascript\">\n\/* <![CDATA[ *\/\n\/*! This file is auto-generated *\/\n!function(d,l){\"use strict\";l.querySelector&&d.addEventListener&&\"undefined\"!=typeof URL&&(d.wp=d.wp||{},d.wp.receiveEmbedMessage||(d.wp.receiveEmbedMessage=function(e){var t=e.data;if((t||t.secret||t.message||t.value)&&!\/[^a-zA-Z0-9]\/.test(t.secret)){for(var s,r,n,a=l.querySelectorAll('iframe[data-secret=\"'+t.secret+'\"]'),o=l.querySelectorAll('blockquote[data-secret=\"'+t.secret+'\"]'),c=new RegExp(\"^https?:$\",\"i\"),i=0;i<o.length;i++)o[i].style.display=\"none\";for(i=0;i<a.length;i++)s=a[i],e.source===s.contentWindow&&(s.removeAttribute(\"style\"),\"height\"===t.message?(1e3<(r=parseInt(t.value,10))?r=1e3:~~r<200&&(r=200),s.height=r):\"link\"===t.message&&(r=new URL(s.getAttribute(\"src\")),n=new URL(t.value),c.test(n.protocol))&&n.host===r.host&&l.activeElement===s&&(d.top.location.href=t.value))}},d.addEventListener(\"message\",d.wp.receiveEmbedMessage,!1),l.addEventListener(\"DOMContentLoaded\",function(){for(var e,t,s=l.querySelectorAll(\"iframe.wp-embedded-content\"),r=0;r<s.length;r++)(t=(e=s[r]).getAttribute(\"data-secret\"))||(t=Math.random().toString(36).substring(2,12),e.src+=\"#?secret=\"+t,e.setAttribute(\"data-secret\",t)),e.contentWindow.postMessage({message:\"ready\",secret:t},\"*\")},!1)))}(window,document);\n\/\/# sourceURL=https:\/\/comision20dediciembrede1989.org.pa\/wp-includes\/js\/wp-embed.min.js\n\/* ]]> *\/\n<\/script>\n","description":"[vc_row][vc_column][vc_custom_heading text=\u00bbInauguraci\u00f3n\u00bb][vc_media_grid element_width=\u00bb3&#8243; grid_id=\u00bbvc_gid:1756087184376-990e02dd-dad8-9&#8243; include=\u00bb2460,2456,2462,2461,2469,2470,2458&#8243;][vc_empty_space height=\u00bb100px\u00bb][vc_custom_heading text=\u00bbVisita de la Asociaci\u00f3n de familiares y amigos de los ca\u00eddos del 20 de diciembre &#8211; Reuni\u00f3n de la Comisi\u00f3n en la Rector\u00eda de la USMA.\u00bb][vc_column_text] Invitados: Sra. Trinidad Ayola, Presidenta de la Asociaci\u00f3n de Familiares y Amigos de los ca\u00eddos del 20 de diciembre; Sra. M\u00e1gdala Cata\u00f1o, presos civiles y militares; Sr. Ernesto Fitzroy Hay, v\u00edctimas del Chorrillo y Sr Tom\u00e1s P\u00e9rez por los empresarios y comerciantes afectados. [\/vc_column_text][vc_media_grid element_width=\u00bb3&#8243; grid_id=\u00bbvc_gid:1756087184386-a4fde598-bf05-8&#8243; include=\u00bb2463,2464&#8243;][vc_empty_space height=\u00bb100px\u00bb][vc_custom_heading text=\u00bbVoluntariado y Servicio Social\u00bb][vc_column_text] Estudiantes graduandos de Derecho y Ciencias Pol\u00edticas de la Universidad de Panam\u00e1 y Universidad Santa Mar\u00eda La Antigua, colaboran con las tareas de revisi\u00f3n documental que se realizan en archivos del \u00d3rgano Judicial, Ministerio de Salud e Instituto de Medicina Legal y Ciencias Forenses [\/vc_column_text][vc_media_grid element_width=\u00bb3&#8243; grid_id=\u00bbvc_gid:1756087184389-288cf39e-8fdc-2&#8243; include=\u00bb2472,2480,2479,2478,2477,2475,2500,2501&#8243;][vc_empty_space height=\u00bb100px\u00bb][vc_custom_heading text=\u00bbColaboraci\u00f3n t\u00e9cnica del Comit\u00e9 Internacional de La Cruz Roja\u00bb][vc_column_text] Reuni\u00f3n &#8211; Videoconferencia con Sr. Giuseppe Renda, Jefe de Misi\u00f3n del Comit\u00e9 Internacional de la Cruz Roja en Panam\u00e1; Dra. Ute Hofmeister, coordinadora Regional Forense para Centro y Norte Am\u00e9rica; Se\u00f1or Diomedes Trejos, Jefe de Laboratorio de An\u00e1lisis Biomolecular &#8211; ADN del Instituto de Medicina Legal y Ciencias Forenses [\/vc_column_text][vc_media_grid element_width=\u00bb3&#8243; grid_id=\u00bbvc_gid:1756087184399-e5ff0415-b5ba-2&#8243; include=\u00bb2481,2482,2483,2484&#8243;][vc_empty_space height=\u00bb100px\u00bb][vc_custom_heading text=\u00bbPanam\u00e1 recuerda a los ca\u00eddos del 20 de diciembre de 1989&#8243;][vc_media_grid element_width=\u00bb3&#8243; grid_id=\u00bbvc_gid:1756087184406-c3acdfc4-b2c1-0&#8243; include=\u00bb2486,2487,2488,2489,2490,2491,2492,2493&#8243;][vc_empty_space height=\u00bb100px\u00bb][vc_custom_heading text=\u00bbTercera Sesi\u00f3n Informativa\u00bb][vc_media_grid element_width=\u00bb3&#8243; grid_id=\u00bbvc_gid:1756087184419-109326ec-cf0c-5&#8243; include=\u00bb2496,2497,2498,2499&#8243;][vc_empty_space height=\u00bb100px\u00bb][vc_custom_heading text=\u00bbCuarta Sesi\u00f3n Informativa\u00bb][vc_media_grid element_width=\u00bb3&#8243; grid_id=\u00bbvc_gid:1756087184426-6185a81e-c0b7-9&#8243; include=\u00bb2503,2504,2511,2510,2509,2508,2507,2506,2505&#8243;][vc_empty_space height=\u00bb100px\u00bb][vc_custom_heading text=\u00bbCuarta Sesi\u00f3n Informativa\u00bb][vc_media_grid element_width=\u00bb3&#8243; grid_id=\u00bbvc_gid:1756087184437-842ad959-76f2-4&#8243; include=\u00bb4141,4140,4139,4138,4137,4136,4130,4131,4133,4132,4134,4135,4129,4128&#8243;][vc_empty_space height=\u00bb100px\u00bb][vc_custom_heading text=\u00bbCuarta Sesi\u00f3n Informativa\u00bb][vc_media_grid element_width=\u00bb3&#8243; grid_id=\u00bbvc_gid:1756087251337-d2643bf6-c292-8&#8243; include=\u00bb4143,4144,4145,4146,4147,4148,4149,4150,4151,4152,4153,4154,4155,4156&#8243;][vc_empty_space height=\u00bb100px\u00bb][vc_custom_heading text=\u00bbLimpieza en cementerio de Cerro Batea y Jornada de Prospecci\u00f3n. 20 [&hellip;]"}

Galería de Fotos | Archivo | Comisión 20 de Diciembre

<blockquote class="wp-embedded-content" data-secret="lnYwqyouc3"><a href="https://comision20dediciembrede1989.org.pa/index.php/2433-2/">Galería de Fotos</a></blockquote><iframe sandbox="allow-scripts" security="restricted" src="https://comision20dediciembrede1989.org.pa/index.php/2433-2/embed/#?secret=lnYwqyouc3" width="600" height="338" title="«Galería de Fotos» — Comision 20 de diciembre" data-secret="lnYwqyouc3" frameborder="0" marginwidth="0" marginheight="0" scrolling="no" class="wp-embedded-content"></iframe><script type="text/javascript">
/* <![CDATA[ */
/*! This file is auto-generated */
!function(d,l){"use strict";l.querySelector&&d.addEventListener&&"undefined"!=typeof URL&&(d.wp=d.wp||{},d.wp.receiveEmbedMessage||(d.wp.receiveEmbedMessage=function(e){var t=e.data;if((t||t.secret||t.message||t.value)&&!/[^a-zA-Z0-9]/.test(t.secret)){for(var s,r,n,a=l.querySelectorAll('iframe[data-secret="'+t.secret+'"]'),o=l.querySelectorAll('blockquote[data-secret="'+t.secret+'"]'),c=new RegExp("^https?:$","i"),i=0;i<o.length;i++)o[i].style.display="none";for(i=0;i<a.length;i++)s=a[i],e.source===s.contentWindow&&(s.removeAttribute("style"),"height"===t.message?(1e3<(r=parseInt(t.value,10))?r=1e3:~~r<200&&(r=200),s.height=r):"link"===t.message&&(r=new URL(s.getAttribute("src")),n=new URL(t.value),c.test(n.protocol))&&n.host===r.host&&l.activeElement===s&&(d.top.location.href=t.value))}},d.addEventListener("message",d.wp.receiveEmbedMessage,!1),l.addEventListener("DOMContentLoaded",function(){for(var e,t,s=l.querySelectorAll("iframe.wp-embedded-content"),r=0;r<s.length;r++)(t=(e=s[r]).getAttribute("data-secret"))||(t=Math.random().toString(36).substring(2,12),e.src+="#?secret="+t,e.setAttribute("data-secret",t)),e.contentWindow.postMessage({message:"ready",secret:t},"*")},!1)))}(window,document);
//# sourceURL=https://comision20dediciembrede1989.org.pa/wp-includes/js/wp-embed.min.js
/* ]]> */
</script>

[vc_row][vc_column][vc_custom_heading text=»Inauguración»][vc_media_grid element_width=»3&#8243; grid_id=»vc_gid:1756087184376-990e02dd-dad8-9&#8243; include=»2460,2456,2462,2461,2469,2470,2458&#8243;][vc_empty_space height=»100px»][vc_custom_heading text=»Visita de la Asociación de familiares y amigos de los caídos del 20 de diciembre &#8211; Reunión de la Comisión en la Rectoría de la USMA.»][vc_column_text] Invitados: Sra. Trinidad Ayola, Presidenta de la Asociación de Familiares y Amigos de los caídos del 20 de diciembre; Sra. Mágdala Cataño, presos civiles y militares; Sr. Ernesto Fitzroy Hay, víctimas del Chorrillo y Sr Tomás Pérez por los empresarios y comerciantes afectados. [/vc_column_text][vc_media_grid element_width=»3&#8243; grid_id=»vc_gid:1756087184386-a4fde598-bf05-8&#8243; include=»2463,2464&#8243;][vc_empty_space height=»100px»][vc_custom_heading text=»Voluntariado y Servicio Social»][vc_column_text] Estudiantes graduandos de Derecho y Ciencias Políticas de la Universidad de Panamá y Universidad Santa María La Antigua, colaboran con las tareas de revisión documental que se realizan en archivos del Órgano Judicial, Ministerio de Salud e Instituto de Medicina Legal y Ciencias Forenses [/vc_column_text][vc_media_grid element_width=»3&#8243; grid_id=»vc_gid:1756087184389-288cf39e-8fdc-2&#8243; include=»2472,2480,2479,2478,2477,2475,2500,2501&#8243;][vc_empty_space height=»100px»][vc_custom_heading text=»Colaboración técnica del Comité Internacional de La Cruz Roja»][vc_column_text] Reunión &#8211; Videoconferencia con Sr. Giuseppe Renda, Jefe de Misión del Comité Internacional de la Cruz Roja en Panamá; Dra. Ute Hofmeister, coordinadora Regional Forense para Centro y Norte América; Señor Diomedes Trejos, Jefe de Laboratorio de Análisis Biomolecular &#8211; ADN del Instituto de Medicina Legal y Ciencias Forenses [/vc_column_text][vc_media_grid element_width=»3&#8243; grid_id=»vc_gid:1756087184399-e5ff0415-b5ba-2&#8243; include=»2481,2482,2483,2484&#8243;][vc_empty_space height=»100px»][vc_custom_heading text=»Panamá recuerda a los caídos del 20 de diciembre de 1989&#8243;][vc_media_grid element_width=»3&#8243; grid_id=»vc_gid:1756087184406-c3acdfc4-b2c1-0&#8243; include=»2486,2487,2488,2489,2490,2491,2492,2493&#8243;][vc_empty_space height=»100px»][vc_custom_heading text=»Tercera Sesión Informativa»][vc_media_grid element_width=»3&#8243; grid_id=»vc_gid:1756087184419-109326ec-cf0c-5&#8243; include=»2496,2497,2498,2499&#8243;][vc_empty_space height=»100px»][vc_custom_heading text=»Cuarta Sesión Informativa»][vc_media_grid element_width=»3&#8243; grid_id=»vc_gid:1756087184426-6185a81e-c0b7-9&#8243; include=»2503,2504,2511,2510,2509,2508,2507,2506,2505&#8243;][vc_empty_space height=»100px»][vc_custom_heading text=»Cuarta Sesión Informativa»][vc_media_grid element_width=»3&#8243; grid_id=»vc_gid:1756087184437-842ad959-76f2-4&#8243; include=»4141,4140,4139,4138,4137,4136,4130,4131,4133,4132,4134,4135,4129,4128&#8243;][vc_empty_space height=»100px»][vc_custom_heading text=»Cuarta Sesión Informativa»][vc_media_grid element_width=»3&#8243; grid_id=»vc_gid:1756087251337-d2643bf6-c292-8&#8243; include=»4143,4144,4145,4146,4147,4148,4149,4150,4151,4152,4153,4154,4155,4156&#8243;][vc_empty_space height=»100px»][vc_custom_heading text=»Limpieza en cementerio de Cerro Batea y Jornada de Prospección. 20 [&hellip;]
